 - 12) + 10?
1
Evaluate 3 + (-10 + 9 - -4) + -3.
3
Calculate (143 - 139) + (-7 - (-2 - -4)).
-5
-31 + (-1 - (-11 - 6))
-15
Calculate 2 + -6 + (0 - (-8 - -5)) + -4.
-5
What is -12 + 2 + 6 + (11 + -1 - -5)?
11
Evaluate 24 + (-2 - (0 - -4)) + (37 - 28).
27
Evaluate (-10 - -12) + (5 - -13).
20
What is the value of (-3 - (-7 + 10 + -1 + 2)) + 2?
-5
Evaluate -16 + -1 + 11 - (-2 - -9).
-13
Evaluate -45 + (-46 - -11 - -71).
-9
-9 - ((-49 + 25 - -30) + (0 - -8))
-23
Evaluate 1 + -9 + -5 + 7 - 30.
-36
1 + 2 + (-1 - -8 - 15) - -4
-1
Evaluate -10 + (-3 - 3) + 9 + -17.
-24
What is the value of -8 + 4 - ((0 - -2) + -2) - 1?
-5
What is 2 + -29 + 12 + 16?
1
Evaluate (-11 - (-1 - 3)) + (17 - (4 + 3)).
3
What is -29 - (-18 + (8 + -2 - 0) + 2)?
-19
71 - 78 - (-1 + 0) - -15
9
What is the value of -13 + -5 + 14 + 11?
7
What is the value of -3 + 1 + (9 - 12) - -1 - -5?
1
What is the value of -8 + (9 - (6 - -2) - -4) - -7?
4
What is the value of -14 - 5 - -2 - -23?
6
((11 - 5) + 10 - 5) + -3
8
Evaluate (-1 + -1 - 2) + (-33 - -47).
10
What is the value of -12 + 6 + (-33 - -56)?
17
What is -1 + (9 - (9 + -7) - 12)?
-6
(0 - 5) + (-12 + -2 - -25)
6
Evaluate 4 + 8 + 25 - 11.
26
17 - (-8 + 9 + 1 - 12)
27
What is the value of 5 + -11 + 0 + -7?
-13
Calculate 11 - ((0 - (-10 + 6)) + 6).
1
Evaluate -12 + 6 - -11 - ((0 - 0) + 28).
-23
What is the value of -1 + 71 + -69 + 0 + 2 + -2?
1
-13 - ((8 - 12) + -4 + 9 + -2)
-12
5 - 2 - (22 + -33 + 3)
11
Evaluate -1 + (133 - 99) + (-2 - -1) + -9.
23
Evaluate 1 - ((4 - -11) + -17 + -1 + 10).
-6
What is the value of 3 + -7 - (-9 - (8 + -11) - -18)?
-16
-34 + 2 - (-65 + 45)
-12
Evaluate 5 + (11 - (-14 + 14)).
16
Calculate (-9 + 5 - (-2 - 1)) + 2.
1
Evaluate (5 - (1 - 12)) + -4.
12
6 - -3 - (10 + 15 + -41 - -27)
-2
4 + -1 - (-36 - (-14 - 4))
21
What is 11 - 25 - (21 - 8)?
-27
-16 + (-7 - -10) - -8
-5
Evaluate 5 - (-2 + -10 + -64 + 88).
-7
Calculate (0 - 2) + -17 - (11 + (-11 - 5)).
-14
Evaluate 14 + (0 - 6 - (-13 - -9)) + -3.
9
What is 257 + -279 + (2 - -19)?
-1
What is the value of -314 - -327 - (1 - 11)?
23
Calculate (7 + -10 - 3 - (-2 + 4)) + 7.
-1
What is the value of (-7 - (-7 - 2)) + 4 + 3?
9
Evaluate -6 + (48 - 3 - 22) - (-1 - -1).
17
What is the value of 4 - (-1 - -5) - (20 + -11 + 13)?
-22
Calculate 5 - (0 - -3) - (6 + 0 + -5).
1
Calculate -4 - -8 - (7 - 19).
16
What is the value of -6 + -21 + 26 - (9 + 1)?
-11
What is the value of -12 - (-28 - (3 - (13 + 1)))?
5
What is the value of (93 - 105) + -2 + (-3 - -1)?
-16
6 - (-2 - (3 - 16)) - -8 - -34
37
-18 + 13 + -5 + 16 - -28
34
Evaluate 10 - (-13 + 11 + 10).
2
Evaluate 32 + (-28 - -53) + -32.
25
14 + -1 + -8 - (0 - -6)
-1
What is -8 + 23 + 9 + -31?
-7
Evaluate 18 + (6 - (-3 + 12)) - 4.
11
-24 + 16 + 17 + -22 - 2
-15
What is 7 + 0 + (37 - 44)?
0
Evaluate -16 + (11 + -22 - (5 + 3 + -15)).
-20
Calculate -4 + -32 + 8 - -28.
0
35 - (16 - (3 + -18))
4
Calculate 18 + 9 + -18 + -23.
-14
What is 11 - 2 - 9 - -7?
7
What is the value of -28 + (-34 - -54) - (3 + -1 - 18)?
8
Evaluate 20 - (-11 - (14 + -41)).
4
Calculate 14 + 1 - (-5 - -10) - (11 - 17).
16
Evaluate -2 - -1 - (-12 + (-8 - -21)).
-2
Calculate -4 + (-2 - -31) + -57 + 20 + 34.
22
-1 + (12 - (2 + -1))
10
What is 2 - -1 - (0 + (7 - 0))?
-4
Calculate 12 + (-25 - (-8 + 8)) + -4.
-17
What is (-20 - -22) + -2 + -5 + 22?
17
Evaluate 3 - (-3 - (-4 - -11)).
13
What is 2 + (-3 - -1) + -22 + 25?
3
Calculate -6 - (1 - (-19 - -9)).
-17
Evaluate -2 + (25 - 13) - -4.
14
Evaluate (1 - -3) + -5 - ((9 - 1) + 1).
-10
What is (-27 + 7 + 4 - -2) + 6 + -3?
-11
Calculate 2 + -6 + 4 + 7 + 1.
8
(-200 - -192) + (-1 - -1)
-8
What is 20 + -17 + 8 - 3 - (21 + 1)?
-14
What is -10 + 22 + -18 - 14?
-20
Calculate -8 - (4 - 1 - 16).
5
Calculate 0 + 17 - (756 - 729).
-10
What is the value of (-22 - -27) + 7 + 3 - 6?
9
What is the value of -18 - (-2 + 1) - (-15 + 9) - -4?
-7
Calculate (-10 - (7 + -3 - 5)) + (-12 - 4).
-25
What is 7 + (2 - (-28 - -36))?
1
-23 + (-11 - -19) + 5 + (5 - 15)
-20
What is the value of (0 - -6) + -24 - (-19 + 10)?
-9
What is -2 + 3 + (-10 - -20 - 18)?
-7
Calculate (4 - -1) + 998 + -1027.
-24
Calculate 9 - (-1 - 8 - -13).
5
What is 11 + -3 - (-21 - -26)?
3
What is the value of 2 - -3 - (4 - 24 - (-19 + 0))?
6
Calculate -13 - (7 - 2 - (22 - 14) - -2).
-12
32 + -27 + -35 + -2
-32
What is the value of 5 + -11 + -2 + (19 - 1)?
10
Evaluate 5 + (5 - 11) + -4 - 7.
-12
Calculate (6 + 2 + 1 - 10) + -5.
-6
6 - (10 - -25 - (4 + -7 - -9))
-23
What is the value of (1 - -9) + (-61 - -28 - -32) - 7?
2
Evaluate 12 + (24 - 27) - (14 - (2 + -4)).
-7
Evaluate 3 + -10 - (32 + -37).
-2
Evaluate 5 + (-45 - -39 - (0 - 3) - -9).
11
What is the value of -8 - (-10 + (1 - (0 + -5 + 0)))?
-4
What is -5 + 8 - 1 - (128 + -108)?
-18
Calculate 2 + (10 - ((0 - -5) + (-64 - -63))).
8
Evaluate 14 + 10 + (-12 - 32) + -5.
-25
What is 29 - (-25 - 2 - -55)?
1
What is 17 - (38 - 50) - 12?
17
Evaluate (2 - (-10 - -4)) + (13 - (10 - 3)).
14
What is the value of -10 - (10 - (-9 - (-11 - -1)) - -3)?
-22
Calculate 44 + -8 + -1 - 18.
17
(-17 - -18) + -2 + -12
-13
-10 - (3 - (2 - -7 - 5))
-9
Calculate (-36 - (34 + -81)) + -35 + -2.
-26
Evaluate 1 + (-62 + 71 - (15 - 1)).
-4
What is 191 + -201 + -1 + 0?
-11
(-1 + (-9 - 0) - (122 - 141)) + 1
10
Calculate -8 + (0 - (9 + -14)) - -4.
1
Evaluate 15 + (-2 - -1 - (2 + -17 - -20)).
9
What is 3063 + -3056 + 1 + 1 + -2?
7
Evaluate (-4 - (21 + -31)) + -7 + 1 - -2.
2
Calculate 5 + -7 + (3 - (0 - 5)) - -10.
16
What is 6 + 3 + -1 - (353 + -357)?
12
What is 2 - 1 - (28 - 14)?
-13
What is the value of 4 + 0 + 6 + (-16 - -6) + 7?
7
What is the value of (15 - (6 - -11)) + 8?
6
23 - (2 + (75 - 75) + 2 + 1)
18
Calculate (9 - -6) + -15 + -2 - -6.
4
5 + (-2 - (0 - -6)) - 3
-6
What is 15 - (259 + -247 - (0 - 19))?
-16
(9 - 10) + (12 + -19 - (1 - 3))
-6
9 - (10 + -5) - 9
-5
Calculate (3 - (-1 + 5 - (10 - 1))) + -1.
7
What is the value of (-6 - 10) + 14 + (-1 - 14)?
-17
What is the value of 23 + (-25 - -8) + 4?
10
What is 14 - ((-1 - 31) + 21)?
25
21 - (31 + 39 + -30)
-19
What is the value of 16 - ((16 - (-17 - -30)) + -13)?
26
What is the value of (-28 - -57) + -52 - -47?
24
Calculate -4 + 12 + -23 + 26.
11
What is the value of 2 - -7 - ((-24 - (2 + -47)) + -39)?
27
What is the value of (39 - -1) + 1 + (5420 - 5435)?
26
Evaluate (14 - (9 - 0)) + 3 + (-19 - -1).
-10
What is the value of 7 - -2 - (-3 + 3) - -9?
18
What is 9 - ((-9 - -7 - -3) + -1)?
9
1 + 10 + (8 - (-23 - -19)) + 5
28
Calculate 20 - (-31 + -18 + 68).
1
Evaluate (-7 - -2) + (29 - 39).
-15
What is the value of 5 + (-20 - 7 - -41)?
19
Calculate -10 - (-11 - (-68 + 77 + -5 + 0)).
5
(0 - -13 - (-23 - -21)) + -11
4
1 + -2 + 23 + -37
-15
-16 - -16 - (-6 + (1 - -1))
4
What is the value of (-3 - (-1 + -7 - (-18 - -16))) + 1?
4
What is the value of 8 + -4 + 0 + 5?
9
Evaluate 21 - (-9 + (11 - 3) - 4).
26
Calculate -158 - -132 - (-6 + 2).
-22
Calculate -1 - (2 - 12) - 7.
2
24 + -47 - -6 - -17
0
Calculate -9 - (-10 + 9 - ((-5 - -6) + -11)).
-18
What is 0 + 7 + (-1 - 8 - (-45 - -40))?
3
3 + (-9 - -9 - 7) + (7 - 1)
2
What is the value of (33 - (-9 - -11)) + (32 - 37)?
26
Calculate 31 + -45 + -1 + 17.
2
Evaluate (-6 - 0 - -13) + (6 - 5).
8
Evaluate 23 + -25 + 18 + -14.
2
Evaluate -5 + 6 - (-25 - -18).
8
-1 + (8 + 3 - 11) - 8
-9
Calculate 15 - -5 - 10 - (-4 + 10 + -12).
16
Calculate (-15 - -6) + 0 + -9.
-18
What is the value of (2 + 1 - (-91 - -97)) + -1?
-4
What is (4 - -1) + 94 + -99?
0
0 + -8 - -5 - (1 + -14 - 4)
14
What is the value of (-9 - -12) + -12 - -18?
9
Evaluate -9 - (-13 + 10 + -2) - (10 - 2).
-12
4 + (39 - 15) + -17 - (-21 + 1)
31
Evaluate 8 + (-2 - (-5 + -4)) + -23 + -4.
-12
(-17 - 10) + 31 + 25
29
Evaluate -13 + (-21 - 0) + 33.
-1
1 + 4 + -33 + 31
3
Evaluate (1 - 2) + 4 + (1851 - 1847).
7
Calculate (-1 - -12) + (-44 - -44).
11
What is (5 - (8 - (-4 - 5)) - -5) + -8?
-15
Calculate -5 - (5 + 10 + -4 + -3).
-13
313 + -312 - (-3 + (1 - 0) - -21)
-18
(14 - -1) + (5 - 0) + -1 + -10
9
Calculate 1 + 13 + (17 - 46 - -14).
-1
Evaluate (9 - -15) + -18 + -35.
-29
Evaluate 0 + (2 - 0) - (-21 - (-10 + -7)).
6
Evaluate (-285 - -280) + (15 - -1 - 2).
9
Evaluate 5 + (1 - 2) - (8 + -17).
13
1 - 0 - (-52 - (-34 + -36))
-17
Calculate -14 + -3 + (-8 - -14).
-11
Evaluate (-6 - 0 - -12) + (1 - -2) + -5.
4
What is the va